factors of 6*2/(-21)*539/(-22).
2, 7
Let r(t) = -15*t - 46*t**3 + 94*t**3 - 12 - 49*t**3 - 11*t**2. Let g be r(-10). Suppose -n - 3*n = -5*s + 168, s = 3*n + g. List the prime factors of s.
2
Let r(z) = -44*z + 72. Let y be r(13). Let w = y - -733. List the prime factors of w.
233
Let d(n) be the first derivative of -n**4/4 - n**3/3 - n**2 + 203*n + 20. List the prime factors of d(0).
7, 29
Suppose 5*w = 5*i - 0*i - 80, 0 = -w - 2. Let x = i + 0. Suppose 4*f - x = 6. List the prime factors of f.
5
Let z(h) = 8*h + 3. Let l be -7 + 14 + 1*2. What are the prime factors of z(l)?
3, 5
Let i = 879 - -131. List the prime factors of i.
2, 5, 101
Suppose -u + 731 - 20 = a, -2*a + u + 1413 = 0. What are the prime factors of a?
2, 3, 59
Suppose 17325 = 166*j - 131*j. What are the prime factors of j?
3, 5, 11
Suppose -11*q - 3328 = -24*q. What are the prime factors of q?
2
Let k(u) = 28*u**2 - 13*u + 10. What are the prime factors of k(-5)?
5, 31
Let z(y) = -y**3 + 4*y**2 + 6*y. Let u = 12 - 24. Let h be 76/14 + u/28. List the prime factors of z(h).
5
Suppose 10 = -3*u + 2*u + 3*g, -u = -g. Suppose 11*c - 72 = u*c. Suppose -5*w + 9*w = c. What are the prime factors of w?
3
Let x(a) = a**2 + 2*a - 6. Let p be x(-4). What are the prime factors of (-236)/2*(-2 - (-3)/p)?
59
Let v(b) = b**3 - 17*b**2 + 5*b + 16. Let x be 3*1*(-17)/(-3). What are the prime factors of v(x)?
101
Let y(q) be the second derivative of -q**3/6 - q**2/2 + q. Let g be y(-7). Suppose g*d = d + 20. What are the prime factors of d?
2
Suppose -4148 = -5*a + 3*j, -11*j - 1653 = -2*a - 16*j. What are the prime factors of a?
829
Let l = 3234 - 1257. List the prime factors of l.
3, 659
Let w = 433 - -52. Suppose 0 = o + 4*o - w. What are the prime factors of o?
97
Let n(z) = z**3 + 5*z**2 + 3*z - 2. Let b be n(-4). Suppose -2*q + 12 = b. Suppose -124 = -2*j + 6*f - f, -q*f = 10. What are the prime factors of j?
3, 19
Suppose m + 0 = k - 9, 5*k - 4*m - 50 = 0. Let f be (-4)/k - (-131)/(-7). Let u = f + 30. List the prime factors of u.
11
Suppose 0 = -a + 1 + 1. Let n = 1 + -5. List the prime factors of (-8 - a)*n/5.
2
Suppose 3*y = -g - 11 + 1, 0 = 4*g - y - 25. Let n be (4/g)/((-4)/10). List the prime factors of -2 + 17 + -2 - n.
3, 5
Let k(g) = 36*g + 30*g - 83*g - 4. List the prime factors of k(-4).
2
Suppose -5*s = 3*o - 49, s - 32 - 13 = -5*o. Suppose -4*h = -o*h - 16. List the prime factors of (-8 + 10)/(h/(-46)).
23
Let x = 70 + -45. Suppose 3*g - 9*g + 30 = 0. Suppose -x = -g*o - 0. What are the prime factors of o?
5
Let c(n) = n**3 + 3*n**2 - 9. Let m(a) = 7*a + 46. Let o be m(-6). What are the prime factors of c(o)?
103
Let m = -11 - -14. Let j be (0/m)/1 - -10. Suppose -40 = -4*p + 4*f, j = p - f - 3*f. What are the prime factors of p?
2, 5
Let b = -1558 - -2441. What are the prime factors of b?
883
Let p(x) = 4*x**2 + 0 + 2 + 3*x - x**2 - 7*x. Let j be (-2 - -1)/((-1)/3). What are the prime factors of p(j)?
17
Let f be 1 + (-2)/1 + 592. What are the prime factors of (f/3 - 5) + 0 + -2?
2, 5, 19
Suppose -2*l = 209 + 43. List the prime factors of (l/15)/(1/(-15)).
2, 3, 7
Let x = -371 - -656. List the prime factors of x.
3, 5, 19
Suppose 2*d + 4*c = 334, -3*c + 11 + 158 = d. List the prime factors of d.
163
Let o(d) = d**3 + 7*d**2 - 7*d - 8. Let r be o(-8). Let b(j) = -j**2 - 21*j + 4. What are the prime factors of b(r)?
2, 3, 7
Suppose v + p = -0*v + 5124, -2*p + 20494 = 4*v. What are the prime factors of v?
47, 109
Let j(d) = -3*d**2 + 11*d - 1. Let r be j(5). What are the prime factors of (246/8 + 0)*(-140)/r?
5, 41
Suppose 0*v - 5*v - 2*r + 11 = 0, 0 = r + 2. Let m be (-1)/(((-3)/v)/17). Let q = m - -12. List the prime factors of q.
29
Let x(g) = g**3 - 55*g**2 + 4*g + 105. List the prime factors of x(56).
3, 5, 7, 11
Suppose -1663 = -17*i + 2723. What are the prime factors of i?
2, 3, 43
Suppose -4*j + 5*c + 11 - 84 = 0, -2*j = 4*c + 56. Let q be (-906)/j + 8/(-44). Let o = q + -19. What are the prime factors of o?
2, 11
Let m = 3636 + -1141. What are the prime factors of m?
5, 499
List the prime factors of (42/9 - 4)*6924/4.
2, 577
Suppose 0 = 2*d - 0*d - 10. Suppose -d*y + 0*y = -440. List the prime factors of y.
2, 11
Let f(t) = 10*t - 6. Let m be f(2). What are the prime factors of m/(-21)*(-264)/2?
2, 11
List the prime factors of 168/(-14) - -777 - (-8)/2.
769
Suppose 0*w = -2*w + 16. Suppose -w*z + 5*z + 343 = r, 4*r + 20 = 0. List the prime factors of z.
2, 29
What are the prime factors of (8 - (0 + 3)) + 281?
2, 11, 13
Suppose -54 = -5*z + 106. Suppose 2*c - 2*b = z, 2*c + 2*b = -0*b + 28. Suppose -2*r - 2*n = 3*n - 1, 0 = -5*n - c. List the prime factors of r.
2
Suppose -h = -2*l + 334, -577 = -5*l + 5*h + 253. Suppose 0 = -2*z + 2*g + l, -3*z + g + g + 255 = 0. What are the prime factors of z?
3, 29
Let n(j) = j**3 + 2*j**2 - 8*j - 12. Let i be n(-3). Suppose -2*v = i*a - 84, 5*a + 50 + 118 = 4*v. What are the prime factors of v?
2, 3, 7
Let d = 116 + -134. Let s = 12 - 28. Let a = s - d. What are the prime factors of a?
2
Suppose 2*u + 221 - 777 = 0. What are the prime factors of u?
2, 139
Suppose 0*k + 2*k = -2. Let m be 58 + (3 - k) + -2. Suppose m = 3*i - 54. List the prime factors of i.
2, 19
Let v(m) = 5*m**2 + 6*m - 22. List the prime factors of v(-9).
7, 47
Let x(q) = -582*q + 29. List the prime factors of x(-2).
1193
Suppose 4*c = 3*c + 20. Suppose -5*f = -c - 5. Suppose -f*t + 44 = -66. List the prime factors of t.
2, 11
Let g = -13 + 29. Suppose g*u - 225 = 7*u. List the prime factors of u.
5
Let n(i) = -119*i + 10. Let w = 118 + -119. What are the prime factors of n(w)?
3, 43
Let s(z) = -z**2 + 4. Let l be s(0). Suppose -l*k = 0, -5*n + 3*k + 42 = -133. Let w = n + -25. List the prime factors of w.
2, 5
Let l(j) = 6*j**2 - 4*j + 6. Let n(y) = 12*y**2 - 9*y + 13. Let z(w) = 5*l(w) - 2*n(w). Let x = -441 + 438. List the prime factors of z(x).
2
Let z(x) = -2*x + 5. Let o be z(-2). Suppose 12*k = o*k + 297. What are the prime factors of k?
3, 11
Let d be 2 + (4 - (1 + 2)). Let r be (d/4)/((-2)/(-8)). Suppose -5*m = r*n - 171, -m = 5*n - 2*n - 27. List the prime factors of m.
2, 3
Suppose 0*a = -a. Let l(h) = -7*h + a*h + 4 - h + 6*h. What are the prime factors of l(-4)?
2, 3
Let q(j) = 67*j**3 - 4*j + 3. Let b be q(1). Let r = b + -30. What are the prime factors of r?
2, 3
Suppose -51107 = 111*a - 417740. List the prime factors of a.
3, 367
Let r(g) = -g**3 - 6*g**2 + 5*g - 1. Let z be ((-48)/30)/((-3)/(-15)). Let b be r(z). Let f = -37 + b. What are the prime factors of f?
2, 5
List the prime factors of 33 + 2 + (1 - -2).
2, 19
Let b be 2/10 - 156/(-20). Suppose 4*u + b = 16. Let g = u + 22. List the prime factors of g.
2, 3
Suppose -3*k - 1237 = -x, 0*x - k + 3751 = 3*x. What are the prime factors of x?
1249
Suppose 186*w - 188*w = -2710. List the prime factors of w.
5, 271
Let d = -2098 + 3069. What are the prime factors of d?
971
Let p(o) = 2*o**2 - 4*o + 4. Let c be p(2). Let j = c + -16. List the prime factors of (6/j)/((-2)/76).
19
Let w(v) = -12*v + 5. Let g(o) = o - 36. Let c be g(23). What are the prime factors of w(c)?
7, 23
Let x(o) = -o**3 - 9*o**2 + 18*o - 9. Let z(j) = 3*j**3 + 27*j**2 - 53*j + 28. Let h(p) = -11*x(p) - 4*z(p). List the prime factors of h(-11).
3, 5
Let q(b) = 5 + 0*b - 3 - 3 + b. Let x be q(5). Suppose 31 = 3*t - x*j, 3*j = 5*t + j - 61. List the prime factors of t.
13
Let q(d) = -d**3 - 20*d**2 - 37*d - 15. Let v be q(-18). Suppose -y + 0*c = -v*c - 143, 0 = -y + c + 143. What are the prime factors of y?
11, 13
Let f(p) = p**3 + 32*p**2 + 20*p - 60. What are the prime factors of f(-14)?
2, 797
Suppose -588 = 4*j - 2*j. Let b be (-40)/6*j/28. Suppose 0*q - 5*q = -b. What are the prime factors of q?
2, 7
Let z(f) = f**3 - 21*f**2 - 2*f + 46. Let y be z(21). Suppose 54 + 22 = 2*m. Suppose 0 = -3*u + y*u - m. What are the prime factors of u?
2, 19
Let t(l) = 10*l - 6. Let c be t(4). Let y = 185 + c. What are the prime factors of y?
3, 73
Suppose -305 = -y - 4*y. Suppose 62*l - 71 = y*l. List the prime factors of l.
71
Let w(v) = -17*v**2 + 4*v + 4. Let c be w(-1). Let g = 66 + c. What are the prime factors of g?
7
Let g = -1 - -7. Let w be -2 - 10*(-4)/8. Suppose -w*p + 66 = g. What are the prime factors of p?
2, 5
Let i = 